 = -2221, 0 = 4*x + 5*y - 8877. What is the units digit of x?
8
What is the tens digit of 44/(-8)*((-14)/6)/(5/2730)?
0
Let k(u) be the second derivative of u**5/5 - 5*u**4/12 - 5*u**3/3 + 21*u**2 - 3*u + 2. What is the tens digit of k(5)?
6
Let p be 180/33 - 6/(-11). Suppose -p*c - 5*l + 1809 = 0, -3*l + 2*l + 3 = 0. What is the tens digit of c?
9
Suppose 4*o - 6049 = 3*n - 6*n, -n = -o + 1514. Suppose -4*a + o = 3*f - 0*a, -4*f + 5*a = -2069. What is the units digit of f?
1
Let a = 5228 - 5241. Let l(c) = -2*c + c + 19 + 4. What is the tens digit of l(a)?
3
Let x(c) = -c**3 + 87*c**2 - 108*c + 598. What is the tens digit of x(68)?
1
Let p(t) = -132*t + 175*t**2 + 48*t + 40*t + 42*t. What is the units digit of p(-1)?
7
Let c(t) = 8*t**3 + t**2 + 3*t - 6. Let i be 19 + (-2)/((-3)/(-6*1)). Suppose g = i - 13. What is the tens digit of c(g)?
6
Let w(n) = 2*n**2 + n - 7. Let s be w(2). Let b(k) = 107*k - 4. What is the units digit of b(s)?
7
Suppose -23*d + 22*d + 15790 = 4*x, 63061 = 4*d + 5*x. What is the units digit of d?
4
Suppose 52*q - 5892 = 55*q. What is the tens digit of ((-12)/16)/(q/(-656) - 3)?
2
What is the thousands digit of (179/(-8))/((-1)/(-2))*8779720/(-10655)?
6
Let u(v) be the third derivative of v**5/60 + 18*v**3 - 41*v**2. Let m be u(0). Suppose 54 = -j + m. What is the tens digit of j?
5
Suppose 4*a - 4*r - 15724 = 0, -2*r + 461 = -a + 4390. What is the hundreds digit of a?
9
Suppose 1 = -2*q + 9. Suppose -53 = q*y - 309. What is the tens digit of 5/((-20)/(-8)) + y?
6
Let k(m) = -4442*m + 4. Let j be k(-2). Suppose -149 + j = 9*q. What is the units digit of q?
1
Suppose -3*m = 15, 2*w - 3*m + 163 = -98. What is the tens digit of (-68701)/w - (-2)/12?
9
Let v = -20 - -27. Let y(m) be the first derivative of 2*m**3/3 - 2*m**2 + 11*m - 10. What is the units digit of y(v)?
1
Let w = 162 - -10. Suppose 10*i - 8*i = w. What is the units digit of i?
6
Let c(a) = -a + 21. Let p be c(33). What is the hundreds digit of 4/p*-291*6?
5
Let b be 5 - (-54)/(-24)*-4. Suppose -b*w = -44*w + 27240. What is the tens digit of w?
0
Let y = 152 + -120. Suppose -y*z + 17*z = -3540. What is the hundreds digit of z?
2
Let h(v) = 4*v**2 - 4*v - 14. Let i be h(5). What is the hundreds digit of -2 - i/(-24) - 9866/(-8)?
2
Suppose -5*c + 63992 + 7616 = 3*c. What is the tens digit of c?
5
Let l = -1590 + 7181. What is the tens digit of l?
9
Let c(s) = s**3 - 16*s**2 - 4*s + 12. Suppose 0 = -12*p + 117 + 87. What is the tens digit of c(p)?
3
Suppose -324*f + 328*f = 3*d + 36979, -2*f - 6*d + 18512 = 0. What is the units digit of f?
7
What is the thousands digit of (2 - 4508)*-9*10/60?
6
Let g be -2 - 108/(-10)*(-60)/(-12). Suppose -900 = 16*d - g*d. What is the units digit of d?
5
Let d(s) = -s. Let p(r) = -4*r + 46. Let f(x) = -10*d(x) + p(x). Let a(u) = 1. Let j(h) = 5*a(h) - f(h). What is the units digit of j(-17)?
1
Let p(n) = -n**3 - 15*n**2 - 16*n - 13. Let w be p(-14). Suppose l = 5*h - w, -3*h - 2*l + 14 = -2*h. What is the hundreds digit of (-1 + 166 + h)/(-1)*-1?
1
Let j = -6414 + 16283. What is the units digit of j?
9
Suppose -10*h + 3*k = -8*h - 1863, -5*h = 2*k - 4648. Suppose 77*o = 79*o - h. What is the tens digit of o?
6
Let x be -244 - ((-2)/(-6) - 110/33). Let v = -125 - x. Suppose -3*y = -5*i - 39 - v, -5*i = 5. What is the units digit of y?
0
Let p be -2*3/24 + (-777)/12. Let w = 61 + p. What is the tens digit of (592/(-32))/(2/w)?
3
Let f be 2*(5647/(-6) + (-2)/(-3)). Let z be 1*((-4)/6)/(6/f). Let o = z + -121. What is the tens digit of o?
8
Suppose -9*x = -626 - 5701. Let d = x + -25. What is the hundreds digit of d?
6
Let z be (-1 + 4)*(-5)/((-15)/87). Let n(p) = 167*p**3 - z*p**3 - 78*p**3 + 6*p + 2. What is the tens digit of n(4)?
5
Suppose 0 = 22*b - 4127 - 2297. Let a = -144 + b. What is the units digit of a?
8
Let f = 682 + 7. Let k = 1105 - f. What is the units digit of k?
6
Suppose 4*s = -5*j + 134104, 140*s - 138*s = -2*j + 67056. What is the hundreds digit of s?
5
Suppose 0 = -174*g + 183*g - 162. Suppose -g*h + 10 + 4454 = 0. What is the hundreds digit of h?
2
Suppose 0 = -13*n - 25*n + 130682. Let k = n - 2158. What is the hundreds digit of k?
2
Suppose -14 + 5 = -3*f. Suppose 27 = f*v - 3*r, 2*v + 12 = 3*r + 35. What is the tens digit of (-2 + 44)*(v + 5/(-2))?
6
Suppose -u - 204 = -752. What is the hundreds digit of u - ((-2)/5 + 44/110)?
5
Let h be 3/12 + (-2)/8. Suppose h*q + 3*p = 5*q + 5, p - 1 = 2*q. Suppose -q*b - 744 = -8*b. What is the units digit of b?
4
Let h(j) = 21*j**2 - 5*j - 12. Let w(k) = 63*k**2 - 16*k - 33. Let m(x) = 13*h(x) - 4*w(x). What is the units digit of m(5)?
6
Let q(i) be the third derivative of 5*i**4/3 - 21*i**3/2 - 26*i**2. Let z be q(8). Suppose -367 - z = -6*v. What is the hundreds digit of v?
1
Suppose -5*z + 97 - 77 = 0. What is the hundreds digit of (-17)/((-51)/3954)*2/z?
6
Suppose -23110 = -8*d - 2*p, 3*d + 2*p - 13892 + 5217 = 0. What is the units digit of d?
7
Let g = 2825 + 11608. What is the thousands digit of g?
4
Let o be 2/((-12)/342) + 5. Let q = o - -55. Suppose -q*l + 636 = 3*l. What is the hundreds digit of l?
1
Suppose 5*j + 3*n - 4 = 4*n, -j = -4*n + 3. Let g(l) = -j - 2*l + 20*l**2 - 2*l - 2. What is the tens digit of g(-2)?
8
Suppose 4*y - 3*n = -3, -2*y - 2*n + 21 = n. Suppose 4*g = -16, -5*o - y*g + 0*g = -393. Let c = o + -37. What is the tens digit of c?
4
Let h(p) = 3*p**3 - 20*p**2 + 10*p - 40. Let r be h(11). What is the units digit of -3*2 + (-12 - -12) + r?
7
Let t = -7581 + 11798. What is the units digit of t?
7
Let h(y) = -205*y**3 - 7*y**2 - 2*y - 11. Let g(n) = -409*n**3 - 13*n**2 - 5*n - 21. Let l(f) = 6*g(f) - 11*h(f). What is the thousands digit of l(-2)?
1
Let k = -747 - -219. What is the tens digit of -4 + (3/(-2))/(9/k)?
8
Let y = 45338 - 28963. Suppose y = 29*v - 5230. What is the hundreds digit of v?
7
Suppose 128*j = -84*j + 1853067 + 2007029. What is the ten thousands digit of j?
1
Suppose 0*a + 6*a - 4*i = 5050, -4*i - 2515 = -3*a. What is the units digit of a?
5
Suppose -5*m + 2*j = -20126, 4 = 3*j - 2. Suppose 12*b - 5730 = m. What is the units digit of b?
3
Let k be 9/(-6)*1174/(-3). Let z = k - 395. What is the units digit of z?
2
Let t(x) = -27*x - 6 - x**2 - 11*x + 4*x. What is the tens digit of t(-3)?
8
Let l = 189 - 173. What is the units digit of 2/l - 234208/(-256)?
5
Suppose 3*i + s - 233966 = 0, 4*i = 12*s - 10*s + 311968. What is the units digit of i?
0
Let j(p) = p - 16. Let l be j(12). Let m(h) = h + 8. Let y be m(l). What is the tens digit of (-32 - (-2 + y))*-1?
3
Suppose 0 = -2*t - 4*s - 409 + 2441, 0 = 4*t + 2*s - 4088. Suppose -1028*h + t*h = -1460. What is the tens digit of h?
6
Let q = 303 - -213. What is the units digit of -1*q*(-6)/4?
4
Let p(t) = -61*t + 4. Let s be p(-4). Let j = s + -62. Suppose 0*u = -3*u + j. What is the tens digit of u?
6
Let c(x) = -x**2 - 2*x + 1. Let t be c(-2). Let i be -3 - (-3 - 1 - t). Suppose 162 = -0*d + i*d. What is the units digit of d?
1
Let j(k) = 6*k + 29. Let h be j(-5). Let r be (12 - h)/1 - (-2 - -4). Let i(q) = -q**3 + 10*q**2 + 17*q - 7. What is the units digit of i(r)?
9
Suppose 71*s - 66*s = 5. What is the hundreds digit of (-1303)/2*(-3 + s)?
3
Suppose -i + 3*i - 2 = 2*v, v = 5. Let a be (9/i)/(2/(-236)). What is the tens digit of -4*a/12 + 0?
5
What is the hundreds digit of (-3603 + 8 + 9)*-8?
6
Let m(c) = 11*c**2 - 12*c - 12. Let o be m(-5). Suppose -4*s + n + o = 2*n, 5*s + 5*n - 415 = 0. What is the units digit of s?
0
Suppose -5*i + 4*i + 36798 = 5*g, -4*g - 4*i = -29448. What is the hundreds digit of g?
3
Let t(o) = -14*o - 7 + 8 + 9. Let i be t(5). What is the tens digit of (5/6*-2)/(1/i)?
0
Let i(o) = -78 - 101 + 28*o + 0*o - 3. What is the hundreds digit of i(31)?
6
Let x(o) = 55*o**3 - 4*o**2 + o + 2. Let z be x(1). Suppose z*m + j - 1135 = 52*m, -3*m + 3*j = -1698. What is the hundreds digit of m?
5
Let m = -5 + 47. Suppose 2*n = 9*n - m. Suppose -2*f = 5*u - 435, 3*u - f = -n*f + 242. What is the units digit of u?
9
Let w(m) = 5 - 19*m + 3*m**2 + 3 + 46*m + 60*m + m. What is the hundreds digit of w(9)?
0
Let o be 60/(-20) + (1 - 0)*33. Let n be o/(-8) + (-11)/44 - -38. Suppose 50 - n = 4*f. What is the units digit of f?
4
Let m(g) = 35*g + 2. Let r be m(3).